{"id":470,"date":"2020-02-18T16:19:53","date_gmt":"2020-02-18T15:19:53","guid":{"rendered":"http:\/\/zkn-verein.de\/%d8%aa%d8%b1%d8%ad%d9%8a%d8%a8-%d8%ad%d8%a7%d8%b1\/"},"modified":"2020-02-18T16:19:53","modified_gmt":"2020-02-18T15:19:53","slug":"sample-page-2","status":"publish","type":"page","link":"https:\/\/zkn-verein.de\/en\/sample-page-2\/","title":{"rendered":"\u0645\u0631\u062d\u0628\u0627 \u0628\u0643\u0645"},"content":{"rendered":"\n<iframe loading=\"lazy\" src=\"https:\/\/www.facebook.com\/plugins\/video.php?href=https%3A%2F%2Fwww.facebook.com%2FZKN.Verein%2Fvideos%2F643125162910908%2F&amp;show_text=0&amp;width=560\" width=\"560\" height=\"315\" style=\"border:none;overflow:hidden\" scrolling=\"no\" frameborder=\"0\" allowtransparency=\"true\" allowfullscreen=\"true\"><\/iframe>\n\n\n\n<figure class=\"wp-block-image size-large\"><img decoding=\"async\" src=\"http:\/\/zkn-verein.de\/wp-content\/uploads\/2019\/12\/Zusammen-f&#xFC;r-Kinder-in-Note-e.V-cover-..jpg11.png\" alt=\"&#x627;&#x644;&#x623;&#x637;&#x641;&#x627;&#x644; &#x627;&#x644;&#x645;&#x62D;&#x62A;&#x627;&#x62C;&#x648;&#x646; &#x641;&#x64A; &#x627;&#x644;&#x64A;&#x645;&#x646; &#x60C; &#x64A;&#x639;&#x62A;&#x645;&#x62F; &#x645;&#x644;&#x627;&#x64A;&#x64A;&#x646; &#x627;&#x644;&#x623;&#x634;&#x62E;&#x627;&#x635; &#x639;&#x644;&#x649; &#x627;&#x644;&#x645;&#x633;&#x627;&#x639;&#x62F;&#x627;&#x62A; &#x627;&#x644;&#x625;&#x646;&#x633;&#x627;&#x646;&#x64A;&#x629;&#13;&#10;&#x62A;&#x62C;&#x639;&#x644; &#x627;&#x644;&#x62D;&#x631;&#x628; &#x627;&#x644;&#x623;&#x647;&#x644;&#x64A;&#x629; &#x648;&#x627;&#x644;&#x62C;&#x648;&#x639; &#x627;&#x644;&#x64A;&#x645;&#x646; &#x645;&#x646; &#x623;&#x633;&#x648;&#x623; &#x627;&#x644;&#x623;&#x645;&#x648;&#x631; &#x628;&#x627;&#x644;&#x646;&#x633;&#x628;&#x629; &#x644;&#x644;&#x623;&#x637;&#x641;&#x627;&#x644;\" class=\"wp-image-187\"\/><\/figure>\n\n\n\n<p class=\"has-text-align-right\">:<strong>\u062a\u0642\u0648\u0645 \u0645\u0624\u0633\u0633\u0629 \u0645\u0639\u0627 \u0644\u0644\u0623\u0637\u0641\u0627\u0644 \u0628\u062a\u062d\u0642\u064a\u0642 \u0627\u0647\u062f\u0627\u0641\u0647\u0627 \u0627\u0644\u0627\u063a\u0627\u062b\u064a\u0629 \u0648\u0627\u0644\u062a\u0646\u0645\u0648\u064a\u0629 \u0639\u0628\u0631 \u0639\u062f\u0629 \u0645\u062d\u0627\u0648\u0631 \u0648\u0647\u064a&nbsp;<\/strong><\/p>\n\n\n\n<p style=\"font-size:17px\" class=\"has-text-align-right\">.<strong>\u0627\u0644\u0625\u063a\u0627\u062b\u0629 \u0648\u0627\u0644\u0631\u0639\u0627\u064a\u0629 &#8211; \u0627\u0644\u0635\u062d\u0629 &#8211; \u0627\u0644\u062a\u0639\u0644\u064a\u0645 &#8211; \u0627\u0644\u0646\u0634\u0627\u0637\u0627\u062a \u0627\u0644\u0627\u062c\u062a\u0645\u0627\u0639\u064a\u0629 \u0648\u0627\u0644\u062b\u0642\u0627\u0641\u064a\u0629&nbsp;&#8211; \u0627\u0644\u062a\u0639\u0627\u0648\u0646 \u0648\u0627\u0644\u062a\u0646\u0633\u064a\u0642<\/strong><\/p>\n","protected":false},"excerpt":{"rendered":"<p>:\u062a\u0642\u0648\u0645 \u0645\u0624\u0633\u0633\u0629 \u0645\u0639\u0627 \u0644\u0644\u0623\u0637\u0641\u0627\u0644 \u0628\u062a\u062d\u0642\u064a\u0642 \u0627\u0647\u062f\u0627\u0641\u0647\u0627 \u0627\u0644\u0627\u063a\u0627\u062b\u064a\u0629 \u0648\u0627\u0644\u062a\u0646\u0645\u0648\u064a\u0629 \u0639\u0628\u0631 \u0639\u062f\u0629 \u0645\u062d\u0627\u0648\u0631 \u0648\u0647\u064a&nbsp; .\u0627\u0644\u0625\u063a\u0627\u062b\u0629 \u0648\u0627\u0644\u0631\u0639\u0627\u064a\u0629 &#8211; \u0627\u0644\u0635\u062d\u0629 &#8211; \u0627\u0644\u062a\u0639\u0644\u064a\u0645 &#8211; \u0627\u0644\u0646\u0634\u0627\u0637\u0627\u062a \u0627\u0644\u0627\u062c\u062a\u0645\u0627\u0639\u064a\u0629 \u0648\u0627\u0644\u062b\u0642\u0627\u0641\u064a\u0629&nbsp;&#8211; \u0627\u0644\u062a\u0639\u0627\u0648\u0646 \u0648\u0627\u0644\u062a\u0646\u0633\u064a\u0642<\/p>\n","protected":false},"author":1,"featured_media":0,"parent":0,"menu_order":0,"comment_status":"closed","ping_status":"open","template":"","meta":{"footnotes":""},"class_list":["post-470","page","type-page","status-publish","hentry"],"yoast_head":"<!-- This site is optimized with the Yoast SEO plugin v21.5 - https:\/\/yoast.com\/wordpress\/plugins\/seo\/ -->\n<title>\u0645\u0631\u062d\u0628\u0627 \u0628\u0643\u0645 - Zusammen f\u00fcr Kinder in Not e.V.<\/title>\n<meta name=\"robots\" content=\"index, follow, max-snippet:-1, max-image-preview:large, max-video-preview:-1\" \/>\n<link rel=\"canonical\" href=\"https:\/\/zkn-verein.de\/sample-page-2\/\" \/>\n<meta property=\"og:locale\" content=\"en_US\" \/>\n<meta property=\"og:type\" content=\"article\" \/>\n<meta property=\"og:title\" content=\"\u0645\u0631\u062d\u0628\u0627 \u0628\u0643\u0645 - Zusammen f\u00fcr Kinder in Not e.V.\" \/>\n<meta property=\"og:description\" content=\":\u062a\u0642\u0648\u0645 \u0645\u0624\u0633\u0633\u0629 \u0645\u0639\u0627 \u0644\u0644\u0623\u0637\u0641\u0627\u0644 \u0628\u062a\u062d\u0642\u064a\u0642 \u0627\u0647\u062f\u0627\u0641\u0647\u0627 \u0627\u0644\u0627\u063a\u0627\u062b\u064a\u0629 \u0648\u0627\u0644\u062a\u0646\u0645\u0648\u064a\u0629 \u0639\u0628\u0631 \u0639\u062f\u0629 \u0645\u062d\u0627\u0648\u0631 \u0648\u0647\u064a&nbsp; .\u0627\u0644\u0625\u063a\u0627\u062b\u0629 \u0648\u0627\u0644\u0631\u0639\u0627\u064a\u0629 &#8211; \u0627\u0644\u0635\u062d\u0629 &#8211; \u0627\u0644\u062a\u0639\u0644\u064a\u0645 &#8211; \u0627\u0644\u0646\u0634\u0627\u0637\u0627\u062a \u0627\u0644\u0627\u062c\u062a\u0645\u0627\u0639\u064a\u0629 \u0648\u0627\u0644\u062b\u0642\u0627\u0641\u064a\u0629&nbsp;&#8211; \u0627\u0644\u062a\u0639\u0627\u0648\u0646 \u0648\u0627\u0644\u062a\u0646\u0633\u064a\u0642\" \/>\n<meta property=\"og:url\" content=\"https:\/\/zkn-verein.de\/sample-page-2\/\" \/>\n<meta property=\"og:site_name\" content=\"Zusammen f\u00fcr Kinder in Not e.V.\" \/>\n<meta property=\"og:image\" content=\"http:\/\/zkn-verein.de\/wp-content\/uploads\/2019\/12\/Zusammen-f&#xFC;r-Kinder-in-Note-e.V-cover-..jpg11.png\" \/>\n<meta name=\"twitter:card\" content=\"summary_large_image\" \/>\n<script type=\"application\/ld+json\" class=\"yoast-schema-graph\">{\"@context\":\"https:\/\/schema.org\",\"@graph\":[{\"@type\":\"WebPage\",\"@id\":\"https:\/\/zkn-verein.de\/sample-page-2\/\",\"url\":\"https:\/\/zkn-verein.de\/sample-page-2\/\",\"name\":\"\u0645\u0631\u062d\u0628\u0627 \u0628\u0643\u0645 - Zusammen f\u00fcr Kinder in Not e.V.\",\"isPartOf\":{\"@id\":\"https:\/\/zkn-verein.de\/#website\"},\"datePublished\":\"2020-02-18T15:19:53+00:00\",\"dateModified\":\"2020-02-18T15:19:53+00:00\",\"inLanguage\":\"en-US\",\"potentialAction\":[{\"@type\":\"ReadAction\",\"target\":[\"https:\/\/zkn-verein.de\/sample-page-2\/\"]}]},{\"@type\":\"WebSite\",\"@id\":\"https:\/\/zkn-verein.de\/#website\",\"url\":\"https:\/\/zkn-verein.de\/\",\"name\":\"Zusammen f\u00fcr Kinder in Not e.V.\",\"description\":\"Zusammen f\u00fcr Kinder in Not e.V.\u201c, abgek\u00fcrzt: ZKN. Er hat den Sitz in Bonn \u2013 NRW- Deutschlad.  Der Verein setzt sich f\u00fcr bed\u00fcrftige und notleidende Kinder und Menschen weltweit, insbesondere in Entwicklungs- und Schwellenl\u00e4ndern sowie in Kriegs- und Krisengebieten. Der Verein ist konfessionell und politisch neutral. Die F\u00f6rderung ist nicht auf bestimmte L\u00e4nder oder Konfessionen beschr\u00e4nkt.\",\"potentialAction\":[{\"@type\":\"SearchAction\",\"target\":{\"@type\":\"EntryPoint\",\"urlTemplate\":\"https:\/\/zkn-verein.de\/?s={search_term_string}\"},\"query-input\":\"required name=search_term_string\"}],\"inLanguage\":\"en-US\"}]}<\/script>\n<!-- \/ Yoast SEO plugin. -->","yoast_head_json":{"title":"\u0645\u0631\u062d\u0628\u0627 \u0628\u0643\u0645 - Zusammen f\u00fcr Kinder in Not e.V.","robots":{"index":"index","follow":"follow","max-snippet":"max-snippet:-1","max-image-preview":"max-image-preview:large","max-video-preview":"max-video-preview:-1"},"canonical":"https:\/\/zkn-verein.de\/sample-page-2\/","og_locale":"en_US","og_type":"article","og_title":"\u0645\u0631\u062d\u0628\u0627 \u0628\u0643\u0645 - Zusammen f\u00fcr Kinder in Not e.V.","og_description":":\u062a\u0642\u0648\u0645 \u0645\u0624\u0633\u0633\u0629 \u0645\u0639\u0627 \u0644\u0644\u0623\u0637\u0641\u0627\u0644 \u0628\u062a\u062d\u0642\u064a\u0642 \u0627\u0647\u062f\u0627\u0641\u0647\u0627 \u0627\u0644\u0627\u063a\u0627\u062b\u064a\u0629 \u0648\u0627\u0644\u062a\u0646\u0645\u0648\u064a\u0629 \u0639\u0628\u0631 \u0639\u062f\u0629 \u0645\u062d\u0627\u0648\u0631 \u0648\u0647\u064a&nbsp; .\u0627\u0644\u0625\u063a\u0627\u062b\u0629 \u0648\u0627\u0644\u0631\u0639\u0627\u064a\u0629 &#8211; \u0627\u0644\u0635\u062d\u0629 &#8211; \u0627\u0644\u062a\u0639\u0644\u064a\u0645 &#8211; \u0627\u0644\u0646\u0634\u0627\u0637\u0627\u062a \u0627\u0644\u0627\u062c\u062a\u0645\u0627\u0639\u064a\u0629 \u0648\u0627\u0644\u062b\u0642\u0627\u0641\u064a\u0629&nbsp;&#8211; \u0627\u0644\u062a\u0639\u0627\u0648\u0646 \u0648\u0627\u0644\u062a\u0646\u0633\u064a\u0642","og_url":"https:\/\/zkn-verein.de\/sample-page-2\/","og_site_name":"Zusammen f\u00fcr Kinder in Not e.V.","og_image":[{"url":"http:\/\/zkn-verein.de\/wp-content\/uploads\/2019\/12\/Zusammen-f&#xFC;r-Kinder-in-Note-e.V-cover-..jpg11.png"}],"twitter_card":"summary_large_image","schema":{"@context":"https:\/\/schema.org","@graph":[{"@type":"WebPage","@id":"https:\/\/zkn-verein.de\/sample-page-2\/","url":"https:\/\/zkn-verein.de\/sample-page-2\/","name":"\u0645\u0631\u062d\u0628\u0627 \u0628\u0643\u0645 - Zusammen f\u00fcr Kinder in Not e.V.","isPartOf":{"@id":"https:\/\/zkn-verein.de\/#website"},"datePublished":"2020-02-18T15:19:53+00:00","dateModified":"2020-02-18T15:19:53+00:00","inLanguage":"en-US","potentialAction":[{"@type":"ReadAction","target":["https:\/\/zkn-verein.de\/sample-page-2\/"]}]},{"@type":"WebSite","@id":"https:\/\/zkn-verein.de\/#website","url":"https:\/\/zkn-verein.de\/","name":"Zusammen f\u00fcr Kinder in Not e.V.","description":"Zusammen f\u00fcr Kinder in Not e.V.\u201c, abgek\u00fcrzt: ZKN. Er hat den Sitz in Bonn \u2013 NRW- Deutschlad.  Der Verein setzt sich f\u00fcr bed\u00fcrftige und notleidende Kinder und Menschen weltweit, insbesondere in Entwicklungs- und Schwellenl\u00e4ndern sowie in Kriegs- und Krisengebieten. Der Verein ist konfessionell und politisch neutral. Die F\u00f6rderung ist nicht auf bestimmte L\u00e4nder oder Konfessionen beschr\u00e4nkt.","potentialAction":[{"@type":"SearchAction","target":{"@type":"EntryPoint","urlTemplate":"https:\/\/zkn-verein.de\/?s={search_term_string}"},"query-input":"required name=search_term_string"}],"inLanguage":"en-US"}]}},"_links":{"self":[{"href":"https:\/\/zkn-verein.de\/en\/wp-json\/wp\/v2\/pages\/470","targetHints":{"allow":["GET"]}}],"collection":[{"href":"https:\/\/zkn-verein.de\/en\/wp-json\/wp\/v2\/pages"}],"about":[{"href":"https:\/\/zkn-verein.de\/en\/wp-json\/wp\/v2\/types\/page"}],"author":[{"embeddable":true,"href":"https:\/\/zkn-verein.de\/en\/wp-json\/wp\/v2\/users\/1"}],"replies":[{"embeddable":true,"href":"https:\/\/zkn-verein.de\/en\/wp-json\/wp\/v2\/comments?post=470"}],"version-history":[{"count":0,"href":"https:\/\/zkn-verein.de\/en\/wp-json\/wp\/v2\/pages\/470\/revisions"}],"wp:attachment":[{"href":"https:\/\/zkn-verein.de\/en\/wp-json\/wp\/v2\/media?parent=470"}],"curies":[{"name":"wp","href":"https:\/\/api.w.org\/{rel}","templated":true}]}}

مرحبا بكم

<iframe loading="lazy" src="https://www.facebook.com/plugins/video.php?href=https%3A%2F%2Fwww.facebook.com%2FZKN.Verein%2Fvideos%2F643125162910908%2F&amp;show_text=0&amp;width=560" width="560" height="315" style="border:none;overflow:hidden" scrolling="no" frameborder="0" allowtransparency="true" allowfullscreen="true"></iframe>



<figure class="wp-block-image size-large"><img decoding="async" src="http://zkn-verein.de/wp-content/uploads/2019/12/Zusammen-f&#xFC;r-Kinder-in-Note-e.V-cover-..jpg11.png" alt="&#x627;&#x644;&#x623;&#x637;&#x641;&#x627;&#x644; &#x627;&#x644;&#x645;&#x62D;&#x62A;&#x627;&#x62C;&#x648;&#x646; &#x641;&#x64A; &#x627;&#x644;&#x64A;&#x645;&#x646; &#x60C; &#x64A;&#x639;&#x62A;&#x645;&#x62F; &#x645;&#x644;&#x627;&#x64A;&#x64A;&#x646; &#x627;&#x644;&#x623;&#x634;&#x62E;&#x627;&#x635; &#x639;&#x644;&#x649; &#x627;&#x644;&#x645;&#x633;&#x627;&#x639;&#x62F;&#x627;&#x62A; &#x627;&#x644;&#x625;&#x646;&#x633;&#x627;&#x646;&#x64A;&#x629;&#13;&#10;&#x62A;&#x62C;&#x639;&#x644; &#x627;&#x644;&#x62D;&#x631;&#x628; &#x627;&#x644;&#x623;&#x647;&#x644;&#x64A;&#x629; &#x648;&#x627;&#x644;&#x62C;&#x648;&#x639; &#x627;&#x644;&#x64A;&#x645;&#x646; &#x645;&#x646; &#x623;&#x633;&#x648;&#x623; &#x627;&#x644;&#x623;&#x645;&#x648;&#x631; &#x628;&#x627;&#x644;&#x646;&#x633;&#x628;&#x629; &#x644;&#x644;&#x623;&#x637;&#x641;&#x627;&#x644;" class="wp-image-187"/></figure>



<p class="has-text-align-right">:<strong>تقوم مؤسسة معا للأطفال بتحقيق اهدافها الاغاثية والتنموية عبر عدة محاور وهي&nbsp;</strong></p>



<p style="font-size:17px" class="has-text-align-right">.<strong>الإغاثة والرعاية &#8211; الصحة &#8211; التعليم &#8211; النشاطات الاجتماعية والثقافية&nbsp;&#8211; التعاون والتنسيق</strong></p>

<p>:تقوم مؤسسة معا للأطفال بتحقيق اهدافها الاغاثية والتنموية عبر عدة محاور وهي&nbsp; .الإغاثة والرعاية &#8211; الصحة &#8211; التعليم &#8211; النشاطات الاجتماعية والثقافية&nbsp;&#8211; التعاون والتنسيق</p>

<!-- This site is optimized with the Yoast SEO plugin v21.5 - https://yoast.com/wordpress/plugins/seo/ -->
<title>مرحبا بكم - Zusammen für Kinder in Not e.V.</title>
<meta name="robots" content="index, follow, max-snippet:-1, max-image-preview:large, max-video-preview:-1" />
<link rel="canonical" href="https://zkn-verein.de/sample-page-2/" />
<meta property="og:locale" content="en_US" />
<meta property="og:type" content="article" />
<meta property="og:title" content="مرحبا بكم - Zusammen für Kinder in Not e.V." />
<meta property="og:description" content=":تقوم مؤسسة معا للأطفال بتحقيق اهدافها الاغاثية والتنموية عبر عدة محاور وهي&nbsp; .الإغاثة والرعاية &#8211; الصحة &#8211; التعليم &#8211; النشاطات الاجتماعية والثقافية&nbsp;&#8211; التعاون والتنسيق" />
<meta property="og:url" content="https://zkn-verein.de/sample-page-2/" />
<meta property="og:site_name" content="Zusammen für Kinder in Not e.V." />
<meta property="og:image" content="http://zkn-verein.de/wp-content/uploads/2019/12/Zusammen-f&#xFC;r-Kinder-in-Note-e.V-cover-..jpg11.png" />
<meta name="twitter:card" content="summary_large_image" />
<script type="application/ld+json" class="yoast-schema-graph">{"@context":"https://schema.org","@graph":[{"@type":"WebPage","@id":"https://zkn-verein.de/sample-page-2/","url":"https://zkn-verein.de/sample-page-2/","name":"مرحبا بكم - Zusammen für Kinder in Not e.V.","isPartOf":{"@id":"https://zkn-verein.de/#website"},"datePublished":"2020-02-18T15:19:53+00:00","dateModified":"2020-02-18T15:19:53+00:00","inLanguage":"en-US","potentialAction":[{"@type":"ReadAction","target":["https://zkn-verein.de/sample-page-2/"]}]},{"@type":"WebSite","@id":"https://zkn-verein.de/#website","url":"https://zkn-verein.de/","name":"Zusammen für Kinder in Not e.V.","description":"Zusammen für Kinder in Not e.V.“, abgekürzt: ZKN. Er hat den Sitz in Bonn – NRW- Deutschlad.  Der Verein setzt sich für bedürftige und notleidende Kinder und Menschen weltweit, insbesondere in Entwicklungs- und Schwellenländern sowie in Kriegs- und Krisengebieten. Der Verein ist konfessionell und politisch neutral. Die Förderung ist nicht auf bestimmte Länder oder Konfessionen beschränkt.","potentialAction":[{"@type":"SearchAction","target":{"@type":"EntryPoint","urlTemplate":"https://zkn-verein.de/?s={search_term_string}"},"query-input":"required name=search_term_string"}],"inLanguage":"en-US"}]}</script>
<!-- / Yoast SEO plugin. -->

مرحبا بكم - Zusammen für Kinder in Not e.V.

:تقوم مؤسسة معا للأطفال بتحقيق اهدافها الاغاثية والتنموية عبر عدة محاور وهي&nbsp; .الإغاثة والرعاية &#8211; الصحة &#8211; التعليم &#8211; النشاطات الاجتماعية والثقافية&nbsp;&#8211; التعاون والتنسيق

Zusammen für Kinder in Not e.V.

Zusammen für Kinder in Not e.V.“, abgekürzt: ZKN. Er hat den Sitz in Bonn – NRW- Deutschlad.  Der Verein setzt sich für bedürftige und notleidende Kinder und Menschen weltweit, insbesondere in Entwicklungs- und Schwellenländern sowie in Kriegs- und Krisengebieten. Der Verein ist konfessionell und politisch neutral. Die Förderung ist nicht auf bestimmte Länder oder Konfessionen beschränkt.
