{"id":7458,"date":"2019-06-28T22:39:46","date_gmt":"2019-06-28T20:39:46","guid":{"rendered":"https:\/\/zkn-verein.de\/?post_type=give_forms&#038;p=7458"},"modified":"2024-10-03T11:59:36","modified_gmt":"2024-10-03T09:59:36","slug":"allgemeines-social-and-cultural-activities","status":"publish","type":"give_forms","link":"https:\/\/zkn-verein.de\/ar\/donations\/allgemeines-social-and-cultural-activities\/","title":{"rendered":"\u0645\u0634\u0627\u0631\u064a\u0639 \u0627\u0644\u0645\u064a\u0627\u0629"},"excerpt":{"rendered":"<p>\u0645\u0634\u0627\u0631\u064a\u0639 \u0627\u0644\u0645\u064a\u0627\u0629<\/p>\n","protected":false},"author":1,"featured_media":7452,"template":"","class_list":["post-7458","give_forms","type-give_forms","status-publish","has-post-thumbnail"],"yoast_head":"<!-- This site is optimized with the Yoast SEO plugin v21.5 - https:\/\/yoast.com\/wordpress\/plugins\/seo\/ -->\n<title>\u0645\u0634\u0627\u0631\u064a\u0639 \u0627\u0644\u0645\u064a\u0627\u0629 - Zusammen f\u00fcr Kinder in Not e.V.<\/title>\n<meta name=\"robots\" content=\"index, follow, max-snippet:-1, max-image-preview:large, max-video-preview:-1\" \/>\n<link rel=\"canonical\" href=\"https:\/\/zkn-verein.de\/ar\/donations\/allgemeines-social-and-cultural-activities\/\" \/>\n<meta property=\"og:locale\" content=\"ar_AR\" \/>\n<meta property=\"og:type\" content=\"article\" \/>\n<meta property=\"og:title\" content=\"\u0645\u0634\u0627\u0631\u064a\u0639 \u0627\u0644\u0645\u064a\u0627\u0629 - Zusammen f\u00fcr Kinder in Not e.V.\" \/>\n<meta property=\"og:description\" content=\"\u0645\u0634\u0627\u0631\u064a\u0639 \u0627\u0644\u0645\u064a\u0627\u0629\" \/>\n<meta property=\"og:url\" content=\"https:\/\/zkn-verein.de\/ar\/donations\/allgemeines-social-and-cultural-activities\/\" \/>\n<meta property=\"og:site_name\" content=\"Zusammen f\u00fcr Kinder in Not e.V.\" \/>\n<meta property=\"article:modified_time\" content=\"2024-10-03T09:59:36+00:00\" \/>\n<meta property=\"og:image\" content=\"https:\/\/zkn-verein.de\/wp-content\/uploads\/2021\/06\/4-1-1.jpg\" \/>\n\t<meta property=\"og:image:width\" content=\"900\" \/>\n\t<meta property=\"og:image:height\" content=\"563\" \/>\n\t<meta property=\"og:image:type\" content=\"image\/jpeg\" \/>\n<meta name=\"twitter:card\" content=\"summary_large_image\" \/>\n<script type=\"application\/ld+json\" class=\"yoast-schema-graph\">{\"@context\":\"https:\/\/schema.org\",\"@graph\":[{\"@type\":\"WebPage\",\"@id\":\"https:\/\/zkn-verein.de\/ar\/donations\/allgemeines-social-and-cultural-activities\/\",\"url\":\"https:\/\/zkn-verein.de\/ar\/donations\/allgemeines-social-and-cultural-activities\/\",\"name\":\"\u0645\u0634\u0627\u0631\u064a\u0639 \u0627\u0644\u0645\u064a\u0627\u0629 - Zusammen f\u00fcr Kinder in Not e.V.\",\"isPartOf\":{\"@id\":\"https:\/\/zkn-verein.de\/#website\"},\"datePublished\":\"2019-06-28T20:39:46+00:00\",\"dateModified\":\"2024-10-03T09:59:36+00:00\",\"breadcrumb\":{\"@id\":\"https:\/\/zkn-verein.de\/ar\/donations\/allgemeines-social-and-cultural-activities\/#breadcrumb\"},\"inLanguage\":\"ar\",\"potentialAction\":[{\"@type\":\"ReadAction\",\"target\":[\"https:\/\/zkn-verein.de\/ar\/donations\/allgemeines-social-and-cultural-activities\/\"]}]},{\"@type\":\"BreadcrumbList\",\"@id\":\"https:\/\/zkn-verein.de\/ar\/donations\/allgemeines-social-and-cultural-activities\/#breadcrumb\",\"itemListElement\":[{\"@type\":\"ListItem\",\"position\":1,\"name\":\"Spendenformulare\",\"item\":\"https:\/\/zkn-verein.de\/donations\/\"},{\"@type\":\"ListItem\",\"position\":2,\"name\":\"\u0645\u0634\u0627\u0631\u064a\u0639 \u0627\u0644\u0645\u064a\u0627\u0629\"}]},{\"@type\":\"WebSite\",\"@id\":\"https:\/\/zkn-verein.de\/#website\",\"url\":\"https:\/\/zkn-verein.de\/\",\"name\":\"Zusammen f\u00fcr Kinder in Not e.V.\",\"description\":\"Zusammen f\u00fcr Kinder in Not e.V.\u201c, abgek\u00fcrzt: ZKN. Er hat den Sitz in Bonn \u2013 NRW- Deutschlad.  Der Verein setzt sich f\u00fcr bed\u00fcrftige und notleidende Kinder und Menschen weltweit, insbesondere in Entwicklungs- und Schwellenl\u00e4ndern sowie in Kriegs- und Krisengebieten. Der Verein ist konfessionell und politisch neutral. Die F\u00f6rderung ist nicht auf bestimmte L\u00e4nder oder Konfessionen beschr\u00e4nkt.\",\"potentialAction\":[{\"@type\":\"SearchAction\",\"target\":{\"@type\":\"EntryPoint\",\"urlTemplate\":\"https:\/\/zkn-verein.de\/?s={search_term_string}\"},\"query-input\":\"required name=search_term_string\"}],\"inLanguage\":\"ar\"}]}<\/script>\n<!-- \/ Yoast SEO plugin. -->","yoast_head_json":{"title":"\u0645\u0634\u0627\u0631\u064a\u0639 \u0627\u0644\u0645\u064a\u0627\u0629 - Zusammen f\u00fcr Kinder in Not e.V.","robots":{"index":"index","follow":"follow","max-snippet":"max-snippet:-1","max-image-preview":"max-image-preview:large","max-video-preview":"max-video-preview:-1"},"canonical":"https:\/\/zkn-verein.de\/ar\/donations\/allgemeines-social-and-cultural-activities\/","og_locale":"ar_AR","og_type":"article","og_title":"\u0645\u0634\u0627\u0631\u064a\u0639 \u0627\u0644\u0645\u064a\u0627\u0629 - Zusammen f\u00fcr Kinder in Not e.V.","og_description":"\u0645\u0634\u0627\u0631\u064a\u0639 \u0627\u0644\u0645\u064a\u0627\u0629","og_url":"https:\/\/zkn-verein.de\/ar\/donations\/allgemeines-social-and-cultural-activities\/","og_site_name":"Zusammen f\u00fcr Kinder in Not e.V.","article_modified_time":"2024-10-03T09:59:36+00:00","og_image":[{"width":900,"height":563,"url":"https:\/\/zkn-verein.de\/wp-content\/uploads\/2021\/06\/4-1-1.jpg","type":"image\/jpeg"}],"twitter_card":"summary_large_image","schema":{"@context":"https:\/\/schema.org","@graph":[{"@type":"WebPage","@id":"https:\/\/zkn-verein.de\/ar\/donations\/allgemeines-social-and-cultural-activities\/","url":"https:\/\/zkn-verein.de\/ar\/donations\/allgemeines-social-and-cultural-activities\/","name":"\u0645\u0634\u0627\u0631\u064a\u0639 \u0627\u0644\u0645\u064a\u0627\u0629 - Zusammen f\u00fcr Kinder in Not e.V.","isPartOf":{"@id":"https:\/\/zkn-verein.de\/#website"},"datePublished":"2019-06-28T20:39:46+00:00","dateModified":"2024-10-03T09:59:36+00:00","breadcrumb":{"@id":"https:\/\/zkn-verein.de\/ar\/donations\/allgemeines-social-and-cultural-activities\/#breadcrumb"},"inLanguage":"ar","potentialAction":[{"@type":"ReadAction","target":["https:\/\/zkn-verein.de\/ar\/donations\/allgemeines-social-and-cultural-activities\/"]}]},{"@type":"BreadcrumbList","@id":"https:\/\/zkn-verein.de\/ar\/donations\/allgemeines-social-and-cultural-activities\/#breadcrumb","itemListElement":[{"@type":"ListItem","position":1,"name":"Spendenformulare","item":"https:\/\/zkn-verein.de\/donations\/"},{"@type":"ListItem","position":2,"name":"\u0645\u0634\u0627\u0631\u064a\u0639 \u0627\u0644\u0645\u064a\u0627\u0629"}]},{"@type":"WebSite","@id":"https:\/\/zkn-verein.de\/#website","url":"https:\/\/zkn-verein.de\/","name":"Zusammen f\u00fcr Kinder in Not e.V.","description":"Zusammen f\u00fcr Kinder in Not e.V.\u201c, abgek\u00fcrzt: ZKN. Er hat den Sitz in Bonn \u2013 NRW- Deutschlad.  Der Verein setzt sich f\u00fcr bed\u00fcrftige und notleidende Kinder und Menschen weltweit, insbesondere in Entwicklungs- und Schwellenl\u00e4ndern sowie in Kriegs- und Krisengebieten. Der Verein ist konfessionell und politisch neutral. Die F\u00f6rderung ist nicht auf bestimmte L\u00e4nder oder Konfessionen beschr\u00e4nkt.","potentialAction":[{"@type":"SearchAction","target":{"@type":"EntryPoint","urlTemplate":"https:\/\/zkn-verein.de\/?s={search_term_string}"},"query-input":"required name=search_term_string"}],"inLanguage":"ar"}]}},"_links":{"self":[{"href":"https:\/\/zkn-verein.de\/ar\/wp-json\/wp\/v2\/give_forms\/7458","targetHints":{"allow":["GET"]}}],"collection":[{"href":"https:\/\/zkn-verein.de\/ar\/wp-json\/wp\/v2\/give_forms"}],"about":[{"href":"https:\/\/zkn-verein.de\/ar\/wp-json\/wp\/v2\/types\/give_forms"}],"author":[{"embeddable":true,"href":"https:\/\/zkn-verein.de\/ar\/wp-json\/wp\/v2\/users\/1"}],"version-history":[{"count":3,"href":"https:\/\/zkn-verein.de\/ar\/wp-json\/wp\/v2\/give_forms\/7458\/revisions"}],"predecessor-version":[{"id":16446,"href":"https:\/\/zkn-verein.de\/ar\/wp-json\/wp\/v2\/give_forms\/7458\/revisions\/16446"}],"wp:featuredmedia":[{"embeddable":true,"href":"https:\/\/zkn-verein.de\/ar\/wp-json\/wp\/v2\/media\/7452"}],"wp:attachment":[{"href":"https:\/\/zkn-verein.de\/ar\/wp-json\/wp\/v2\/media?parent=7458"}],"curies":[{"name":"wp","href":"https:\/\/api.w.org\/{rel}","templated":true}]}}

مشاريع المياة

<p>مشاريع المياة</p>

<!-- This site is optimized with the Yoast SEO plugin v21.5 - https://yoast.com/wordpress/plugins/seo/ -->
<title>مشاريع المياة - Zusammen für Kinder in Not e.V.</title>
<meta name="robots" content="index, follow, max-snippet:-1, max-image-preview:large, max-video-preview:-1" />
<link rel="canonical" href="https://zkn-verein.de/ar/donations/allgemeines-social-and-cultural-activities/" />
<meta property="og:locale" content="ar_AR" />
<meta property="og:type" content="article" />
<meta property="og:title" content="مشاريع المياة - Zusammen für Kinder in Not e.V." />
<meta property="og:description" content="مشاريع المياة" />
<meta property="og:url" content="https://zkn-verein.de/ar/donations/allgemeines-social-and-cultural-activities/" />
<meta property="og:site_name" content="Zusammen für Kinder in Not e.V." />
<meta property="article:modified_time" content="2024-10-03T09:59:36+00:00" />
<meta property="og:image" content="https://zkn-verein.de/wp-content/uploads/2021/06/4-1-1.jpg" />
	<meta property="og:image:width" content="900" />
	<meta property="og:image:height" content="563" />
	<meta property="og:image:type" content="image/jpeg" />
<meta name="twitter:card" content="summary_large_image" />
<script type="application/ld+json" class="yoast-schema-graph">{"@context":"https://schema.org","@graph":[{"@type":"WebPage","@id":"https://zkn-verein.de/ar/donations/allgemeines-social-and-cultural-activities/","url":"https://zkn-verein.de/ar/donations/allgemeines-social-and-cultural-activities/","name":"مشاريع المياة - Zusammen für Kinder in Not e.V.","isPartOf":{"@id":"https://zkn-verein.de/#website"},"datePublished":"2019-06-28T20:39:46+00:00","dateModified":"2024-10-03T09:59:36+00:00","breadcrumb":{"@id":"https://zkn-verein.de/ar/donations/allgemeines-social-and-cultural-activities/#breadcrumb"},"inLanguage":"ar","potentialAction":[{"@type":"ReadAction","target":["https://zkn-verein.de/ar/donations/allgemeines-social-and-cultural-activities/"]}]},{"@type":"BreadcrumbList","@id":"https://zkn-verein.de/ar/donations/allgemeines-social-and-cultural-activities/#breadcrumb","itemListElement":[{"@type":"ListItem","position":1,"name":"Spendenformulare","item":"https://zkn-verein.de/donations/"},{"@type":"ListItem","position":2,"name":"مشاريع المياة"}]},{"@type":"WebSite","@id":"https://zkn-verein.de/#website","url":"https://zkn-verein.de/","name":"Zusammen für Kinder in Not e.V.","description":"Zusammen für Kinder in Not e.V.“, abgekürzt: ZKN. Er hat den Sitz in Bonn – NRW- Deutschlad.  Der Verein setzt sich für bedürftige und notleidende Kinder und Menschen weltweit, insbesondere in Entwicklungs- und Schwellenländern sowie in Kriegs- und Krisengebieten. Der Verein ist konfessionell und politisch neutral. Die Förderung ist nicht auf bestimmte Länder oder Konfessionen beschränkt.","potentialAction":[{"@type":"SearchAction","target":{"@type":"EntryPoint","urlTemplate":"https://zkn-verein.de/?s={search_term_string}"},"query-input":"required name=search_term_string"}],"inLanguage":"ar"}]}</script>
<!-- / Yoast SEO plugin. -->

مشاريع المياة - Zusammen für Kinder in Not e.V.

Zusammen für Kinder in Not e.V.

Zusammen für Kinder in Not e.V.“, abgekürzt: ZKN. Er hat den Sitz in Bonn – NRW- Deutschlad.  Der Verein setzt sich für bedürftige und notleidende Kinder und Menschen weltweit, insbesondere in Entwicklungs- und Schwellenländern sowie in Kriegs- und Krisengebieten. Der Verein ist konfessionell und politisch neutral. Die Förderung ist nicht auf bestimmte Länder oder Konfessionen beschränkt.
